{"id":8607,"date":"2025-02-24T15:10:52","date_gmt":"2025-02-24T14:10:52","guid":{"rendered":"https:\/\/adoucisseuretconfort.com\/?post_type=product&amp;p=8607"},"modified":"2025-02-24T15:10:52","modified_gmt":"2025-02-24T14:10:52","slug":"classica-2","status":"publish","type":"product","link":"https:\/\/adoucisseuretconfort.fr\/index.php\/product\/classica-2\/","title":{"rendered":"CLASSICA 2"},"content":{"rendered":"<div class=\"entry-content alignfull wp-block-post-content is-layout-constrained wp-block-post-content-is-layout-constrained\">\n<p>Po\u00eale \u00e0 granul\u00e9s au design classique carr\u00e9, avec porte et c\u00f4t\u00e9s en acier.<\/p>\n<ul>\n<li>Marque Italiana Camini<\/li>\n<li>foyer en vermiculite<\/li>\n<li>sortie des fum\u00e9es \u00d8 8 cm par l\u2019arri\u00e8re, m\u00e2le (ou le haut )<\/li>\n<li>panneau synoptique<\/li>\n<li>programmation journali\u00e8re\/hebdomadaire<\/li>\n<\/ul>\n<table width=\"391\">\n<tbody>\n<tr>\n<th>Puissance Min-Max<\/th>\n<td>2.5-8.2 Kw<\/td>\n<\/tr>\n<tr>\n<th>Rendement<\/th>\n<td>88.7 %<\/td>\n<\/tr>\n<tr>\n<th>Volume chauffant<\/th>\n<td>215 m3<\/td>\n<\/tr>\n<tr>\n<th>R\u00e9servoir<\/th>\n<td>15 Kg<\/td>\n<\/tr>\n<tr>\n<th>Autonomie<\/th>\n<td>8-25 H<\/td>\n<\/tr>\n<tr>\n<th>Consommation<\/th>\n<td>0.6-1.9 Kg\/H<\/td>\n<\/tr>\n<tr>\n<th>Larg x Prof x Haut<\/th>\n<td>51 x 56 x 95 cm<\/td>\n<\/tr>\n<tr>\n<th>Poids<\/th>\n<td>151 Kg<\/td>\n<\/tr>\n<tr>\n<th>Diam\u00e8tre sortie de fum\u00e9e<\/th>\n<td>8 cm<\/td>\n<\/tr>\n<tr>\n<th>Sortie de fum\u00e9e<\/th>\n<td>M\u00e2le<\/td>\n<\/tr>\n<\/tbody>\n<\/table>\n<p>&nbsp;<\/p>\n<\/div>\n","protected":false},"excerpt":{"rendered":"<p>Po\u00eale \u00e0 granul\u00e9s au design classique carr\u00e9, avec porte et c\u00f4t\u00e9s en acier. Marque Italiana Camini foyer en vermiculite sortie des fum\u00e9es \u00d8 8 cm par l\u2019arri\u00e8re, m\u00e2le (ou le haut ) panneau synoptique programmation journali\u00e8re\/hebdomadaire Puissance Min-Max 2.5-8.2 Kw Rendement 88.7 % Volume chauffant 215 m3 R\u00e9servoir 15 Kg Autonomie 8-25 H Consommation 0.6-1.9 [&hellip;]<\/p>\n","protected":false},"featured_media":1994,"template":"","meta":{"_coblocks_attr":"","_coblocks_dimensions":"","_coblocks_responsive_height":"","_coblocks_accordion_ie_support":"","_crdt_document":""},"product_brand":[],"product_cat":[122],"product_tag":[],"class_list":{"0":"post-8607","1":"product","2":"type-product","3":"status-publish","4":"has-post-thumbnail","6":"product_cat-poele","8":"first","9":"instock","10":"shipping-taxable","11":"product-type-simple"},"jetpack_sharing_enabled":true,"_links":{"self":[{"href":"https:\/\/adoucisseuretconfort.fr\/index.php\/wp-json\/wp\/v2\/product\/8607","targetHints":{"allow":["GET"]}}],"collection":[{"href":"https:\/\/adoucisseuretconfort.fr\/index.php\/wp-json\/wp\/v2\/product"}],"about":[{"href":"https:\/\/adoucisseuretconfort.fr\/index.php\/wp-json\/wp\/v2\/types\/product"}],"wp:featuredmedia":[{"embeddable":true,"href":"https:\/\/adoucisseuretconfort.fr\/index.php\/wp-json\/wp\/v2\/media\/1994"}],"wp:attachment":[{"href":"https:\/\/adoucisseuretconfort.fr\/index.php\/wp-json\/wp\/v2\/media?parent=8607"}],"wp:term":[{"taxonomy":"product_brand","embeddable":true,"href":"https:\/\/adoucisseuretconfort.fr\/index.php\/wp-json\/wp\/v2\/product_brand?post=8607"},{"taxonomy":"product_cat","embeddable":true,"href":"https:\/\/adoucisseuretconfort.fr\/index.php\/wp-json\/wp\/v2\/product_cat?post=8607"},{"taxonomy":"product_tag","embeddable":true,"href":"https:\/\/adoucisseuretconfort.fr\/index.php\/wp-json\/wp\/v2\/product_tag?post=8607"}],"curies":[{"name":"wp","href":"https:\/\/api.w.org\/{rel}","templated":true}]}}

<div class="entry-content alignfull wp-block-post-content is-layout-constrained wp-block-post-content-is-layout-constrained">
<p>Poêle à granulés au design classique carré, avec porte et côtés en acier.</p>
<ul>
<li>Marque Italiana Camini</li>
<li>foyer en vermiculite</li>
<li>sortie des fumées Ø 8 cm par l’arrière, mâle (ou le haut )</li>
<li>panneau synoptique</li>
<li>programmation journalière/hebdomadaire</li>
</ul>
<table width="391">
<tbody>
<tr>
<th>Puissance Min-Max</th>
<td>2.5-8.2 Kw</td>
</tr>
<tr>
<th>Rendement</th>
<td>88.7 %</td>
</tr>
<tr>
<th>Volume chauffant</th>
<td>215 m3</td>
</tr>
<tr>
<th>Réservoir</th>
<td>15 Kg</td>
</tr>
<tr>
<th>Autonomie</th>
<td>8-25 H</td>
</tr>
<tr>
<th>Consommation</th>
<td>0.6-1.9 Kg/H</td>
</tr>
<tr>
<th>Larg x Prof x Haut</th>
<td>51 x 56 x 95 cm</td>
</tr>
<tr>
<th>Poids</th>
<td>151 Kg</td>
</tr>
<tr>
<th>Diamètre sortie de fumée</th>
<td>8 cm</td>
</tr>
<tr>
<th>Sortie de fumée</th>
<td>Mâle</td>
</tr>
</tbody>
</table>
<p>&nbsp;</p>
</div>

<p>Poêle à granulés au design classique carré, avec porte et côtés en acier. Marque Italiana Camini foyer en vermiculite sortie des fumées Ø 8 cm par l’arrière, mâle (ou le haut ) panneau synoptique programmation journalière/hebdomadaire Puissance Min-Max 2.5-8.2 Kw Rendement 88.7 % Volume chauffant 215 m3 Réservoir 15 Kg Autonomie 8-25 H Consommation 0.6-1.9 [&hellip;]</p>
