{"id":8568,"date":"2025-02-21T17:48:57","date_gmt":"2025-02-21T16:48:57","guid":{"rendered":"https:\/\/adoucisseuretconfort.com\/?post_type=product&amp;p=8568"},"modified":"2025-02-21T17:48:57","modified_gmt":"2025-02-21T16:48:57","slug":"poele-etanche-like-80","status":"publish","type":"product","link":"https:\/\/adoucisseuretconfort.fr\/index.php\/product\/poele-etanche-like-80\/","title":{"rendered":"LIKE 80"},"content":{"rendered":"<p>Po\u00eale \u00e0 granul\u00e9s \u00e9tanche \u00e0 section ronde, avec porte incurv\u00e9e en acier et vitre plate. La porta, sans grilles, et les c\u00f4t\u00e9s, pr\u00e9sentent des d\u00e9corations en bas-relief.<\/p>\n<p>Les versions avec la sortie des fum\u00e9es \u00d8 8 \u00e0 l\u2019 arri\u00e8re peuvent \u00eatre install\u00e9es avec une sortie des fum\u00e9es \u00d8 13 coaxiale (kit en option).<\/p>\n<p><strong>Adapt\u00e9 pour les maisons passives.<\/strong><\/p>\n<ul>\n<li>Foyer en vermiculite<\/li>\n<li>Bougie en c\u00e9ramique<\/li>\n<li>Sortie des fum\u00e9es \u00d8 8 cm, vers le haut (en c\u00e9ramique et acier) et \u00e0 l\u2019arri\u00e8re (en acier noir opaque et blanc perle), avec kit coaxiale \u00d8 8\/13 cm (option)<\/li>\n<li>Ventilation air chaud vers le haut<\/li>\n<li>Panneau synoptique sur le top<\/li>\n<li>Programmation journali\u00e8re\/hebdomadaire<\/li>\n<li>Fonction Easy Timer \/ Relax<\/li>\n<li>Syst\u00e8me E-Smart avec Wi-Fi int\u00e9gr\u00e9<\/li>\n<\/ul>\n<table width=\"391\">\n<tbody>\n<tr>\n<th>Puissance Min-Max<\/th>\n<td>3.4-7.6 Kw<\/td>\n<\/tr>\n<tr>\n<th>Rendement<\/th>\n<td>90.8 %<\/td>\n<\/tr>\n<tr>\n<th>Volume chauffant<\/th>\n<td>200 m3<\/td>\n<\/tr>\n<tr>\n<th>R\u00e9servoir<\/th>\n<td>15 Kg<\/td>\n<\/tr>\n<tr>\n<th>Autonomie<\/th>\n<td>9-19 H<\/td>\n<\/tr>\n<tr>\n<th>Consommation<\/th>\n<td>0.8-1.7 Kg\/H<\/td>\n<\/tr>\n<tr>\n<th>Larg x Prof x Haut<\/th>\n<td>52 x 52 x 101 cm<\/td>\n<\/tr>\n<tr>\n<th>Poids<\/th>\n<td>120 Kg<\/td>\n<\/tr>\n<tr>\n<th>Diam\u00e8tre sortie de fum\u00e9e<\/th>\n<td>8\/13 cm<\/td>\n<\/tr>\n<tr>\n<th>Diam\u00e8tre prise d\u2019air<\/th>\n<td>5 cm<\/td>\n<\/tr>\n<\/tbody>\n<\/table>\n<p>&nbsp;<\/p>\n","protected":false},"excerpt":{"rendered":"<p>Po\u00eale \u00e0 granul\u00e9s \u00e9tanche \u00e0 section ronde, avec porte incurv\u00e9e en acier et vitre plate. La porta, sans grilles, et les c\u00f4t\u00e9s, pr\u00e9sentent des d\u00e9corations en bas-relief. Les versions avec la sortie des fum\u00e9es \u00d8 8 \u00e0 l\u2019 arri\u00e8re peuvent \u00eatre install\u00e9es avec une sortie des fum\u00e9es \u00d8 13 coaxiale (kit en option). Adapt\u00e9 pour [&hellip;]<\/p>\n","protected":false},"featured_media":1987,"template":"","meta":{"_coblocks_attr":"","_coblocks_dimensions":"","_coblocks_responsive_height":"","_coblocks_accordion_ie_support":"","_crdt_document":""},"product_brand":[],"product_cat":[123],"product_tag":[],"class_list":{"0":"post-8568","1":"product","2":"type-product","3":"status-publish","4":"has-post-thumbnail","6":"product_cat-poele-etanche","8":"first","9":"instock","10":"shipping-taxable","11":"product-type-simple"},"jetpack_sharing_enabled":true,"_links":{"self":[{"href":"https:\/\/adoucisseuretconfort.fr\/index.php\/wp-json\/wp\/v2\/product\/8568","targetHints":{"allow":["GET"]}}],"collection":[{"href":"https:\/\/adoucisseuretconfort.fr\/index.php\/wp-json\/wp\/v2\/product"}],"about":[{"href":"https:\/\/adoucisseuretconfort.fr\/index.php\/wp-json\/wp\/v2\/types\/product"}],"wp:featuredmedia":[{"embeddable":true,"href":"https:\/\/adoucisseuretconfort.fr\/index.php\/wp-json\/wp\/v2\/media\/1987"}],"wp:attachment":[{"href":"https:\/\/adoucisseuretconfort.fr\/index.php\/wp-json\/wp\/v2\/media?parent=8568"}],"wp:term":[{"taxonomy":"product_brand","embeddable":true,"href":"https:\/\/adoucisseuretconfort.fr\/index.php\/wp-json\/wp\/v2\/product_brand?post=8568"},{"taxonomy":"product_cat","embeddable":true,"href":"https:\/\/adoucisseuretconfort.fr\/index.php\/wp-json\/wp\/v2\/product_cat?post=8568"},{"taxonomy":"product_tag","embeddable":true,"href":"https:\/\/adoucisseuretconfort.fr\/index.php\/wp-json\/wp\/v2\/product_tag?post=8568"}],"curies":[{"name":"wp","href":"https:\/\/api.w.org\/{rel}","templated":true}]}}